rs of j.
47
Let w(i) = -111*i + 24. List the prime factors of w(-6).
2, 3, 5, 23
Let l = -1447 - -2493. What are the prime factors of l?
2, 523
Let j = -93 - -95. Suppose -2 = -3*b + 1, -683 = -j*v + 3*b. List the prime factors of v.
7
Suppose 10 = -3*c + 43. Suppose -30 + c = -y. List the prime factors of y.
19
Let f = 1929 + -997. List the prime factors of f.
2, 233
Suppose 144 = 10*v - v. Suppose 4*j = -2*u + v, u - 16 = -6*j + 2*j. Let m(s) = s**3 + 2*s - 6. List the prime factors of m(j).
2, 3, 11
Let x = 201 + -94. Let m = x - 73. List the prime factors of m.
2, 17
Let w(x) = 38*x**2. Let t be w(-1). Let s = t + -9. List the prime factors of s.
29
Suppose -2*u = -3*m - 7*u - 18, -4*m + 3*u + 5 = 0. What are the prime factors of 74 + m + (10 - 6)?
7, 11
Let d be 41 + -1 - (-18)/(-9). Suppose -41*q + d*q = -39. What are the prime factors of q?
13
Let f = -2 - -5. Suppose -2*d + f*d + 2 = 0. What are the prime factors of (3 - 2) + d + 17?
2
Let x(y) = 32*y - 281. What are the prime factors of x(52)?
3, 461
Suppose 1 = -4*h - 3*r + 10, 0 = 2*h - 3*r - 27. What are the prime factors of ((-4)/h)/((-23)/5244)?
2, 19
Suppose 4*l - l = -2*c + 29, 3*c - 45 = -3*l. Let d = c - -38. What are the prime factors of d?
2, 3
Let p be (-24292)/(-36) + (-2)/(-9). Suppose p = 2*n + 3*y, 3*n - n - 2*y = 690. Suppose 0 = -3*v - 3*v + n. What are the prime factors of v?
3, 19
Suppose -3*k + k = 4*z, 2*k + z - 12 = 0. Suppose 0 = 5*l - l - k. Suppose a + 3*x - 84 = -l*x, -a + 4*x = -39. What are the prime factors of a?
59
Let z(y) = y**3 - 7*y**2 + 6*y + 1. Let r be z(6). Let s be ((-2)/6)/(r/(-3)). Suppose 0 = -2*k + 41 + s. What are the prime factors of k?
3, 7
Let a(g) = -g**3 + 4*g**2 + 19*g + 272. List the prime factors of a(-12).
2, 587
Let z = -21 - -23. List the prime factors of -58*-1*z/2.
2, 29
Let q(h) = -35*h - 75. What are the prime factors of q(-20)?
5
Let l(s) = -8*s**3 - 19*s + 10. List the prime factors of l(-5).
5, 13, 17
Suppose 4*t = -t - 70. Let c = -12 - t. Suppose x + 4*q + c = 13, -4*q = 3*x - 49. List the prime factors of x.
19
Suppose -2*u - 296 = -4*o - 1600, -2*o = -3*u + 1960. What are the prime factors of u?
2, 3, 109
Let p be 2170/38 - (-6)/(-57). Let v be (-4 - 0)/(2 - 4). Suppose 21 = m - v*y, -3*y - p = 2*m - 5*m. List the prime factors of m.
17
Suppose -43 = -4*g - 3*u, 4*g + 2*u - 13 - 25 = 0. Let y = 29 + g. What are the prime factors of y?
2, 3
What are the prime factors of 54/(-9) + 144 + -4?
2, 67
Let o(r) = r**2 - 2*r + 3. Let y be o(2). Let f(m) = 13*m - 3. List the prime factors of f(y).
2, 3
Suppose 3*j - 9 = 3. Suppose 4*b + 2 = -0*a - a, -2*b = -a - 2. Suppose -2*f - j*x + 70 - 16 = b, 0 = 2*f + 3*x - 55. List the prime factors of f.
29
Let g(l) = -l**2 - 5*l + 4. Let u be g(-5). Let x(v) = -54*v + u - 21*v - 7. What are the prime factors of x(-1)?
2, 3
Let a(k) = 18*k**3 - 3*k**2 - k - 2. What are the prime factors of a(3)?
2, 227
List the prime factors of 1 + (2 - -1) - (-38 - 67).
109
Let m(w) = 2*w**3 - 5*w**2 - 11*w + 9. What are the prime factors of m(7)?
373
Let h(y) = -y**3 - 20*y**2 + y + 40. Let g be h(-20). Let z be (-2)/5*(-1 + 6). Let f = g + z. List the prime factors of f.
2, 3
Suppose -31 + 3 = -u. Suppose 0 = -2*x + 3*x - u. Let s = x - 19. List the prime factors of s.
3
Suppose 4*z + 4*t + 16 = 0, 0 = 3*z + t + 16 - 12. Suppose 4*j - 17 - 1115 = z. What are the prime factors of j?
283
Suppose -85 = -0*i + i - 5*x, -2*x = 3*i + 340. Let j = 382 + i. What are the prime factors of j?
2, 17
Let y(h) = -h**3 - 12*h**2 + 15*h + 28. Let v be y(-13). Suppose -3*x = 3*o - 63, -8 + 45 = v*x + 3*o. List the prime factors of x.
2, 13
Suppose 4*g - m + 2 = 17, 3*g + 4*m = 16. Suppose -g*p = 2*x - 298 + 56, 115 = 2*p - 5*x. List the prime factors of p.
2, 3, 5
Suppose -1029 = -8*l + 1875. What are the prime factors of l?
3, 11
Suppose 1252 = 4*u + 4*q, 0 = 12*u - 7*u - 5*q - 1575. What are the prime factors of u?
2, 157
Suppose 5*b - b = 1704. What are the prime factors of b?
2, 3, 71
Suppose 10816 = 23*u - 10*u. List the prime factors of u.
2, 13
Suppose -57*f = -60*f + 951. What are the prime factors of f?
317
Suppose 0*t - 5*g + 75 = -2*t, t + 2*g + 15 = 0. What are the prime factors of t/((-6)/10 + (-110)/(-225))?
3, 5
Let h = 20 + -12. Suppose -3*n + h*n = 315. Suppose 4*v - 2*a - n = a, -2*v = a - 19. List the prime factors of v.
2, 3
Let n(p) = 2*p - 6. Let l be n(3). Suppose -i + 2*i - 56 = 2*z, l = i + 2*z - 44. What are the prime factors of i?
2, 5
Suppose 4*l - 2*l = 226. Let v = 81 - l. Let x = v + 67. What are the prime factors of x?
5, 7
Let o(g) = -g**3 + 19*g**2 + 9*g - 65. What are the prime factors of o(18)?
421
Suppose 3*o + 2*o = 0. Let j(z) = 3*z**2 + 3*z + 12. Let k be j(-5). Suppose o = -2*v + k - 24. What are the prime factors of v?
2, 3
Let t = 265 - 166. List the prime factors of t.
3, 11
List the prime factors of 3/((-9)/30)*9422/(-35).
2, 673
Let o be -2 + (-4 - -8) - -1461. Suppose -y + 12*y - o = 0. What are the prime factors of y?
7, 19
Let l(d) = -d**2 - 14*d - 10. Let n be l(-13). Suppose 0 = 3*k - n. What are the prime factors of -1 + k*10/2?
2
Suppose 4*n + 138 = 6*n - 2*z, -4*z = 2*n - 162. Suppose -b = -p - n, 0 = -2*b + 4*p + 101 + 35. Suppose 3*d = 3 + b. List the prime factors of d.
3
Let t(q) = -q**2 - 20*q - 40. Let b be (3 - 2)/(4/(-68)). List the prime factors of t(b).
11
Let g be 8098/12 + 13/78. What are the prime factors of g/15 + (-1)/1?
2, 11
Suppose 3*i - 4*d - 700 = d, -3*i + 728 = 2*d. List the prime factors of i.
2, 3, 5
Suppose 8*s = 29 - 5. Let t(g) = 3*g**2 + 1. Let j be t(-1). Suppose s*x - 4*x = -j. What are the prime factors of x?
2
Let j(u) = 9*u**2 - 79*u - 40. List the prime factors of j(28).
2, 1201
Let t(s) = -s**2 + 8*s + 4. Let x be t(8). Suppose -o = 5*k - 447, 0 = 2*k - o + x - 187. What are the prime factors of k?
2, 3, 5
Suppose 7*z - 10*z + 2*i = -1489, 0 = -z + 3*i + 487. List the prime factors of z.
499
Suppose l + 0 = 6. Suppose 686 = l*u + u. Let v = -43 + u. List the prime factors of v.
5, 11
Let c = -257 + 421. List the prime factors of c.
2, 41
Suppose 2*q - 4*f = 4742, -3*f + 4*f = -3*q + 7141. List the prime factors of q.
3, 13, 61
Let g be (-74)/(-10) - (-6)/10. Suppose 0 = 3*o + g - 29. What are the prime factors of o?
7
Let s be (-12)/9 + -2*16/(-6). What are the prime factors of (-147)/(-6) - (-2)/s?
5
Suppose 2 = -2*r - 8, -3*r = -2*s + 1775. List the prime factors of s.
2, 5, 11
Let f = 130 - 59. Suppose -4*n - 11 = -f. Suppose 4*m - 22 = -y, 5*m - 21 - n = 3*y. List the prime factors of m.
2, 3
Let v(d) = -9*d + 2. Let n be v(-2). Suppose 2*k - 292 + n = -4*u, -u + k = -74. What are the prime factors of u?
2, 5, 7
Let c(p) = p**3 + 5*p**2 + 2*p - 4. Let n be 36/(-14) + 18/(-42). Let a be c(n). Suppose r + a = 35. What are the prime factors of r?
3
Let l be 1/(3 + (-28)/10). Suppose -l*p + 140 + 80 = 0. List the prime factors of p.
2, 11
Suppose -5*j - 3609 = -8*j. List the prime factors of j/21 - 10/35.
3, 19
Suppose -17*w + 2128 + 7324 = 0. What are the prime factors of w?
2, 139
Let j be 18/15*20/6. Suppose -j*t - 25 - 35 = 0. Let w = -11 - t. List the prime factors of w.
2
Let m be 4/(-16)*1 - 13/(-4). List the prime factors of (-1840)/(-28) + m + (-4)/(-14).
3, 23
Let j be 90/8 - 3/(-4). Let q be (1/(-2))/((-2)/j). Suppose q*m - 78 = 3*g, 2*g = -2*m - 3*g + 52. List the prime factors of m.
2, 13
Let t(y) = 26*y - 122. List the prime factors of t(12).
2, 5, 19
Let o = -106 - -100. What are the prime factors of (37/2)/((-1)/o)?
3, 37
Let l(d) = 2*d**2 + 44*d + 217. What are the prime factors of l(-27)?
487
Let i = -4 + 7. Let x(o) = 10*o - 7. Let y be x(i). Let w = 48 + y. List the prime factors of w.
71
Let u(q) = q + 18. Let w(h) = -1. Let l = 6 - 8. Let x(i) = l*w(i) + u(i). What are the prime factors of x(-9)?
11
Let d = 13 + -16. Let u be (-12)/(d - (2 - 6)). What are the prime factors of (-21)/(-9) + (-8)/u?
3
Let w = -39 + 43. Suppose 0 = -5*t + h + 340, w*h - 64 - 140 = -3*t. List the prime factors of t.
2, 17
Let c(q) = 4*q - 20. Suppose 5 = 2*n - 17. Let r(u) = -u**2 + 12*u + 5. Let z be r(n). What are the prime factors of c(z)?
2, 11
Let s(x) = -x**2 + 5*x - 9. Let b be s(10). Let j = b - -143. Let v = 120 - j